) + 3.
-1
Evaluate -25 + 21 - (2 + (-3 - -2)).
-5
Evaluate (2 - -1) + -8 - -1 - 1.
-5
-7 - -1 - (4 - (-2 - -15))
3
What is the value of 2 + -7 + 2 + 3 + 5?
5
Calculate 12 + -16 - (5 + -2 - 13).
6
Evaluate -39 + 27 + 10 + 2 + -5.
-5
0 - -8 - (21 + -12 + -5)
4
Evaluate (-1 - -7 - 1) + -29 + 28.
4
What is the value of -2 + -1 + (6 - 3) - 2?
-2
What is the value of (6 + -2 - (3 + 4)) + 3?
0
What is -4 + (-4 - (4 + -9)) + 8?
5
Evaluate 2 + -6 - (-11 + 7 + -5).
5
-3 - (-3 + 3 + 0)
-3
-2 + 4 + 2 + -3 + 6
7
What is the value of (-4 - -3) + -3 - -9?
5
Evaluate 8 - (13 + -2) - -9.
6
Calculate (3 - (-3 + 5)) + -7.
-6
What is the value of 0 + -3 + 5 + -5?
-3
What is the value of (-2 + 3 + 6 - 3) + 0?
4
What is the value of -1 - (-5 + 5 + -11 - -5)?
5
Calculate -7 - (-6 - -3) - (3 + -13).
6
Calculate 0 - 2 - (1 - (1 - 0)).
-2
Calculate -11 - -3 - (5 - 13).
0
Calculate 8 + -41 + 36 + 0 + 7.
10
Evaluate 4 - -1 - (7 - (22 - 15)).
5
Evaluate 5 - 4 - (-2 + -1 + 6).
-2
22 + -22 + (6 - 1)
5
What is the value of 0 + -6 - (-3 + 0) - 0?
-3
What is the value of 5 + 5 + -7 - 5?
-2
Calculate -2 + 4 + -1 + -4 + 7.
4
What is 22 + 10 + -14 + -9?
9
What is the value of -1 - (-1 + -1 + 2)?
-1
Calculate 6 + -8 + 7 + -10.
-5
Calculate -6 + 1 - (7 + -16 + 8).
-4
Evaluate 3 - (-5 - -6) - 6.
-4
Calculate -2 - (3 - 2) - (-5 + 2).
0
What is -4 + 5 + -1 - 3 - -5?
2
What is the value of 7 + (-4 - (-3 - -8))?
-2
Evaluate -4 + ((6 - -2) + -5 - 5).
-6
What is (-7 - (-12 + 3)) + -7?
-5
What is the value of -3 + 9 + (-7 - 2)?
-3
6 - (-3 - -4 - -4)
1
Evaluate -27 + 23 - (-1 - 6).
3
Evaluate -4 + -1 + 2 + 0.
-3
Evaluate -3 + (12 - 5) - 6.
-2
What is the value of 4 + (0 - 3) - (-9 + 3)?
7
7 + -6 - (-5 - -3)
3
(4 - 3 - -5) + 3
9
-4 - -8 - 5 - -2
1
Evaluate 29 + -29 + (2 - 8 - 0).
-6
What is the value of (-5 - -3 - -3) + -6 - -1?
-4
Evaluate 5 - (-2 + 10 + -6).
3
Calculate (1 - (3 + -5)) + 2.
5
-8 - (7 + -1 + -9)
-5
What is the value of (0 - -1) + 6 - (391 + -388)?
4
What is the value of 4 + 6 + -12 - -4?
2
Calculate 2 - -2 - 7 - (-1 - 8).
6
What is 4 - (-2 - -1 - (-3 - -3))?
5
-6 - (-1 - 5 - 2)
2
Calculate -5 - (3 + -6 + 3 + 4).
-9
(0 - 4 - -5) + (-3 - 0)
-2
Calculate (-23 - -25) + (1 - 0).
3
4 + (-2 - (4 - -3))
-5
What is the value of 3 - (17 - 4 - 2)?
-8
What is -12 + (-12 - (-34 + 1))?
9
Calculate (-4 - -2) + (11 - (5 + 0)).
4
What is (1 - -1) + 4 + -4 - -4?
6
What is the value of 1 + (5 - (4 + 7))?
-5
Calculate -2 + -8 + -3 + 10.
-3
-10 + 2 + 4 + 4
0
Calculate 0 + (-2 - (2 + -5)).
1
-4 - -4 - (0 + 4 + -5)
1
Evaluate -9 - ((4 + 10 - 7) + -10).
-6
Calculate 1 + -9 - (-13 + 7).
-2
Calculate -6 + 4 - (-3 + 1).
0
What is the value of 10 - (1 + (1 - -3))?
5
What is (2 - (4 + -3)) + -8?
-7
What is the value of 0 - (3 + (-1 - 2))?
0
What is -5 + (4 - 2 - -1) - -5?
3
4 - (-2 + (-7 + 4 - -4))
5
Calculate 0 + -8 - (10 + (-14 - -1)).
-5
What is -1 + (7 - (8 + 4))?
-6
What is (5 - (4 + (-5 - -9))) + 1?
-2
What is (-1 - 2) + (-7 - (-20 - -8))?
2
Calculate -3 + -1 + -10 + 11.
-3
What is -5 - (1 - (5 + -1))?
-2
What is (-3 - 0 - (3 + -3)) + 3?
0
Calculate -8 - (-5 + 4 + -2 + 0).
-5
What is the value of 2 - 2 - -9 - 5?
4
Evaluate (0 - 5) + -9 + -9 + 18.
-5
What is the value of -8 + -1 + 4 + 1 - -2?
-2
What is 7 - (6 + -3) - (-3 + -1)?
8
-15 + 8 + 2 + 1
-4
What is 0 + 0 + (6 - 10) + 6?
2
-5 + 3 + (0 - -3)
1
0 + (-3 + -1 - -1)
-3
Evaluate (8 - 2) + -5 + -7.
-6
What is the value of 34 - 31 - (-2 - 0)?
5
Evaluate 4 - (6 - (-2 - (5 + -4))).
-5
What is the value of 7 + -1 + -5 + 3 + -10?
-6
-7 + (-3 - 4) + 5
-9
Calculate (-5 - -2) + -18 + 25.
4
Evaluate -7 + (-4 - (-9 - -5)).
-7
What is 17 + -7 - (17 + -11)?
4
(8 - 8 - (1 + 0)) + 6
5
Calculate -9 + 6 + (-13 - -9).
-7
What is the value of -5 + 4 - (3 + -1) - 0?
-3
What is the value of -6 - (1 - (-1 + -2 + 6))?
-4
(-3 - -3) + -3 + 3 + -3
-3
What is the value of -1 + 2 + (7 - 9) + -1?
-2
Evaluate 1 - 2 - 3 - (2 + -4).
-2
What is 0 + -3 + (7 + -5 - -2)?
1
-1 + 4 + -1 + -5
-3
Evaluate 3 + (-13 + 2 - -2) + 5.
-1
Evaluate 3 + (5 - 6) - 2.
0
What is the value of 11 + -23 + 9 + (10 - 1)?
6
0 + 4 + -10 + 2
-4
Evaluate (1 - 4) + 9 - 3.
3
Calculate -6 + 12 - (24 - 17).
-1
What is the value of (-3 - 0) + 1 - (-3 + 6)?
-5
What is (-2 - (-2 + 1)) + -157 + 154?
-4
Calculate -4 + (-5 - -4 - -3 - -5).
3
6 + (-13 + 1 - -2)
-4
Evaluate 5 + (-9 - -1) + 0.
-3
Calculate 1 - (-6 - (0 + -6) - -2).
-1
4 - (9 + 7 + -9)
-3
3 - (2 + 0 - (3 + -1))
3
What is the value of 4 - (-14 - (9 + -24))?
3
What is -1 - (-1 + -6) - 1?
5
What is 4 + -7 + 0 + 1?
-2
What is 2 + 1 + 2 + -5 + -1?
-1
What is (9 - 2) + (-1 - 4)?
2
Evaluate -6 - -3 - (3 - 4).
-2
What is 1 + (0 - (-8 - -4))?
5
What is -3 - (-3 + 2 - (2 + -3))?
-3
Calculate -2 + 3 - (1 + -3) - 7.
-4
Calculate -6 - (-1 + -1) - 0.
-4
Evaluate (3 + 1 - 4) + 5.
5
Calculate (-2 - -7 - 3) + -8 + 8.
2
Calculate (11 - -1) + (-27 + 3 - -23).
11
Evaluate 1 - (0 - (1 + 2)).
4
What is -5 - ((0 - 2) + 0 - 1)?
-2
What is (-1 - 0) + (0 - 2)?
-3
What is the value of 4 + ((-1 - -2) + -4 - -8)?
9
Calculate 7 + 1 + 72 + -73.
7
-8 + (0 - -4) + 2
-2
What is 1 + 2 + -3 - (-10 + 8)?
2
What is -4 + (1 - (-2 + 3) - -2)?
-2
What is the value of 0 + 10 + -7 - 0?
3
Calculate -5 + 1 - ((-8 - 3) + 8).
-1
What is the value of -4 - -2 - (2 - 3 - -1)?
-2
What is the value of -4 + (-4 - 4 - -10)?
-2
Calculate -61 - -56 - (-3 + 1 - 0).
-3
What is 9 - 9 - (-1 + 3)?
-2
Evaluate -8 + 6 + 1 + 1.
0
Calculate (-6 - -10) + (5 - (0 - -4)).
5
(-8 - -5) + (0 - -2) + 4
3
0 + -1 + 19 + -14 + -3
1
Evaluate -2 + -1 + 0 + 8.
5
What is (-3 - 1 - (24 - 29)) + -7?
-6
Evaluate (-7 + 12 - (-2 + 1)) + -2.
4
(4 - -2 - 5) + 0 + -3
-2
Evaluate 6 + -8 + 4 + -4 + 1.
-1
What is the value of 3 - (4 + -5 + 4)?
0
Calculate (-1 - (-4 + 3)) + (-3 - 1).
-4
Calculate -1 + -5 + (-4 - -8).
-2
-7 + 8 - (2 + 2 + -3)
0
-7 + (-4 - 2) + 16
3
Evaluate 12 + -13 + 7 + -7.
-1
-1 + -2 + -6 + 5 + -1
-5
What is 33 + -39 - (-2 + -12)?
8
Evaluate 5 + -4 + (-7 - -3) + 5.
2
What is (3 - (-7 - -8)) + (6 - 9)?
-1
Evaluate 0 - (-1 - 1 - (-37 + 34)).
-1
What is the value of 5 + (2 + -6 - (7 + -9))?
3
Calculate -2 - 0 - (0 + -10) - 1.
7
17 + -10 - (2 - -7)
-2
What is 2 + (1 + -3 - -1) + -1?
0
What is the value of 6 + -2 + 0 + (1 - 2)?
3
What is the value of (-1 - 0 - -1) + 2 - 0?
2
What is (1 - 3) + (-6 + 8 - -4)?
4
Evaluate 3 + 4 + 3 + -4 + 0.
6
Evaluate 12 + -4 + 2 - (-15 + 20).
5
What is the value of (3 + -5 - -4) + 2?
4
What is -10 - (-7 + 9 + -8)?
-4
What is -2 - (17 - (1 - -9))?
-9
What is the value of -1 + -6 + (-8 - 0 - -6)?
-9
What is the value of 10 + 8 + -9 - 10?
-1
What is the value of (-1 - 5) + (-2 - -13)?
5
4 + (1 - (2 + -3)) + -3
3
What is (-8 + 3 - -8) + (-5 - -1)?
-1
Evaluate 9 - (-5 + 3 - -8).
3
What is the value of 2 + -1 - (-2 + 6)?
-3
Calculate 6 + 0 + 1 + (-2 - 5).
0
Evaluate (7 - 16 - -3) + 1 + 1.
-4
-11 - (-5 + (8 - 8))
-6
What is the value of (2 - 1) + 4 + -3 + -7?
-5
What is the value of -16 + (14 - (12 - 6))?
-8
-7 - ((2 - 7) + (-4 - -1))
1
What is the value of 3 + -11 - (-6 - 0) - -7?
5
Calculate -4 - (-3 - 0 - -4).
-5
-2 + 3 + (-3 - (2 + 0))
-4
3 + (1 - 8) + -4 + 16
8
What is the value of 10 + -5 + (0 - -2 - 2)?
5
What is -3 + (3 - -1) + 5 + 0?
6
What is the value of -7 - (-11 - (1 + -4))?
1
What is (9 - (7 - -10)) + 9?
1
Evaluate 0 + 10 - (-6 - -11).
5
-9 + 12 - (4 + -1)
0
55 + -48 - (1 - (-1 - 8))
-3
Evaluate 3 - ((12 - 2) + -6) - 0.
-1
What is 13 - (23 - 7 - 11)?
8
Evaluate (0 - 1) + 0 + 5 + 1.
5
Calculate -8 - 17 - -16 - (-4 - 0).
-5
What is -8 - -12 - (0 + 2)?
2
What is the value of 5 + -7 + -3 + 7 + -2?
0
0 + (7 - -2) + -5
4
Calculate -1 - 0 - (2 - 8 - -6).
-1
What is 1 + 1 + -15 + (13 - 1)?
-1
Evaluate (23 - 29) + 1 + 4.
-1
Calculate -2 + 7 + -10 + 6.
1
What is the value of 15 + -2 + -12 + 23 + -16?
8
What is -6 + -1 + (13 - 6)?
0
What is the value of -2 + 2 + -1 - -4 - 5?
-2
What is 1 + 3 - 1 - (10 - 6)?
-1
What is (0 - 2) + (7 - 13)?
-8
3 - 3 - (-2 - -2)
0
-4 + -3 + 0 - -6
-1
What is ((-3 - -14) + -1 - 3) + 3?
10
What is the value of 1 + (-7 - 0 - -2)?
-4
What is -1 + (3 - 1) - 3 - 3?
-5
1 - (0 + 8) - (-54 + 40)
7
Evaluate (-9 - -6 - -2) + 5 - 7.
-3
Calculate (-5 - (-3 + 0)) + (0 - 1).
-3
-8 - (10 + -2 - 4 - 8)
-4
2 - 1 - (-8 - (-3 - -2))
8
Calculate -9 + 13 + -4 + 2 + -6.
-4
What is the valu